{"id":1323,"date":"2025-06-19T10:22:25","date_gmt":"2025-06-19T08:22:25","guid":{"rendered":"https:\/\/pohrebnictvopieta.sk\/webpage\/?page_id=1323"},"modified":"2025-06-19T12:28:06","modified_gmt":"2025-06-19T10:28:06","slug":"o-nas","status":"publish","type":"page","link":"https:\/\/pohrebnictvopieta.sk\/webpage\/o-nas\/","title":{"rendered":"O n\u00e1s"},"content":{"rendered":"\t\t<div data-elementor-type=\"wp-page\" data-elementor-id=\"1323\" class=\"elementor elementor-1323\" data-elementor-settings=\"{&quot;ha_cmc_init_switcher&quot;:&quot;no&quot;}\">\n\t\t\t\t<div class=\"elementor-element elementor-element-4cc10be e-flex e-con-boxed e-con e-parent\" data-id=\"4cc10be\" data-element_type=\"container\" data-e-type=\"container\" data-settings=\"{&quot;_ha_eqh_enable&quot;:false}\">\n\t\t\t\t\t<div class=\"e-con-inner\">\n\t\t<div class=\"elementor-element elementor-element-3696274 e-con-full e-flex e-con e-child\" data-id=\"3696274\" data-element_type=\"container\" data-e-type=\"container\" data-settings=\"{&quot;_ha_eqh_enable&quot;:false}\">\n\t\t\t\t<div class=\"elementor-element elementor-element-dfef0ad elementor-widget elementor-widget-text-editor\" data-id=\"dfef0ad\" data-element_type=\"widget\" data-e-type=\"widget\" data-widget_type=\"text-editor.default\">\n\t\t\t\t<div class=\"elementor-widget-container\">\n\t\t\t\t\t\t\t\t\t<p>Z\u00e1ujem z\u00e1kazn\u00edkov o <strong>profesion\u00e1lnu komplexn\u00fa pohrebn\u00fa slu\u017ebu<\/strong> v na\u0161om meste n\u00e1s utvrdili v presved\u010den\u00ed vybudova\u0165 na\u0161u firmu, ktor\u00e1 zabezpe\u010duje najvy\u0161\u0161iu kvalitu cel\u00e9ho prierezu pon\u00fakan\u00fdch slu\u017eieb pohrebn\u00edctva, ne\u017e na ak\u00e9 sme v s\u00fa\u010dasnosti u n\u00e1s zvyknut\u00ed.<br \/>V na\u0161ej prev\u00e1dzke na Gork\u00e9ho ulici v Trebi\u0161ove V\u00e1m <strong>pon\u00fakame slu\u017eby najvy\u0161\u0161ieho \u0161tandardu<\/strong> v oblasti pohrebn\u00fdch slu\u017eieb a kamen\u00e1rstva.\u00a0<\/p>\t\t\t\t\t\t\t\t<\/div>\n\t\t\t\t<\/div>\n\t\t\t\t<div class=\"elementor-element elementor-element-bb9d568 elementor-widget elementor-widget-text-editor\" data-id=\"bb9d568\" data-element_type=\"widget\" data-e-type=\"widget\" data-widget_type=\"text-editor.default\">\n\t\t\t\t<div class=\"elementor-widget-container\">\n\t\t\t\t\t\t\t\t\t<p>Disponujeme kompletn\u00fdm technick\u00fdm vybaven\u00edm, samozrejmos\u0165ou je chladiarensk\u00e9 zariadenie v zmysle platnej legislat\u00edvy. S\u00fastred\u00edme sa na vysok\u00fa \u00farove\u0148 pohrebn\u00fdch obradov, udr\u017eiavanie modern\u00e9ho rozvoja pohreb\u00edsk a s\u00favisiacej infra\u0161trukt\u00fary.<br \/><strong>Zaru\u010dujeme d\u00f4stojn\u00e9 zaobch\u00e1dzanie s neboh\u00fdmi a\u017e do momentu poslednej rozl\u00fa\u010dky.<\/strong><\/p>\t\t\t\t\t\t\t\t<\/div>\n\t\t\t\t<\/div>\n\t\t\t\t<div class=\"elementor-element elementor-element-21a03f2 elementor-widget elementor-widget-text-editor\" data-id=\"21a03f2\" data-element_type=\"widget\" data-e-type=\"widget\" data-widget_type=\"text-editor.default\">\n\t\t\t\t<div class=\"elementor-widget-container\">\n\t\t\t\t\t\t\t\t\t<p>N\u00e1\u0161 person\u00e1l V\u00e1s odbremen\u00ed od nevyhnutn\u00fdch starost\u00ed, aby ste sa mohli s \u00factou rozl\u00fa\u010di\u0165 s Va\u0161\u00edm bl\u00edzkym. Sme empatick\u00ed, diskr\u00e9tni, s\u00facitiv\u00ed, preto sa n\u00e1m m\u00f4\u017eete zveri\u0165 so svojimi staros\u0165ami a \u017eiados\u0165ami.<\/p>\t\t\t\t\t\t\t\t<\/div>\n\t\t\t\t<\/div>\n\t\t\t\t<\/div>\n\t\t<div class=\"elementor-element elementor-element-11ce6ed e-con-full e-flex e-con e-child\" data-id=\"11ce6ed\" data-element_type=\"container\" data-e-type=\"container\" data-settings=\"{&quot;_ha_eqh_enable&quot;:false}\">\n\t\t\t\t<div class=\"elementor-element elementor-element-87b0beb elementor-widget elementor-widget-image\" data-id=\"87b0beb\" data-element_type=\"widget\" data-e-type=\"widget\" data-widget_type=\"image.default\">\n\t\t\t\t<div class=\"elementor-widget-container\">\n\t\t\t\t\t\t\t\t\t\t\t\t\t\t\t<img alt=\"\" fetchpriority=\"high\" decoding=\"async\" width=\"1020\" height=\"765\" src=\"https:\/\/pohrebnictvopieta.sk\/webpage\/wp-content\/uploads\/2025\/06\/504271381_572696329215064_6714839514608052155_n.jpg\" class=\"attachment-large size-large wp-image-1347\" alt=\"\" srcset=\"https:\/\/pohrebnictvopieta.sk\/webpage\/wp-content\/uploads\/2025\/06\/504271381_572696329215064_6714839514608052155_n.jpg 1020w, https:\/\/pohrebnictvopieta.sk\/webpage\/wp-content\/uploads\/2025\/06\/504271381_572696329215064_6714839514608052155_n-300x225.jpg 300w, https:\/\/pohrebnictvopieta.sk\/webpage\/wp-content\/uploads\/2025\/06\/504271381_572696329215064_6714839514608052155_n-768x576.jpg 768w\" sizes=\"(max-width: 1020px) 100vw, 1020px\" \/>\t\t\t\t\t\t\t\t\t\t\t\t\t\t\t<\/div>\n\t\t\t\t<\/div>\n\t\t\t\t<\/div>\n\t\t\t\t\t<\/div>\n\t\t\t\t<\/div>\n\t\t<div class=\"elementor-element elementor-element-f6dc8ce e-flex e-con-boxed e-con e-parent\" data-id=\"f6dc8ce\" data-element_type=\"container\" data-e-type=\"container\" data-settings=\"{&quot;_ha_eqh_enable&quot;:false}\">\n\t\t\t\t\t<div class=\"e-con-inner\">\n\t\t<div class=\"elementor-element elementor-element-d892086 e-con-full e-flex e-con e-child\" data-id=\"d892086\" data-element_type=\"container\" data-e-type=\"container\" data-settings=\"{&quot;_ha_eqh_enable&quot;:false}\">\n\t\t\t\t<div class=\"elementor-element elementor-element-88ab57c elementor-widget elementor-widget-heading\" data-id=\"88ab57c\" data-element_type=\"widget\" data-e-type=\"widget\" data-widget_type=\"heading.default\">\n\t\t\t\t<div class=\"elementor-widget-container\">\n\t\t\t\t\t<div class=\"elementor-heading-title elementor-size-default\">N\u00e1\u0161 profesion\u00e1lny t\u00edm odborn\u00edkov V\u00e1m bude oporou v naj\u0165a\u017e\u0161\u00edch chv\u00ed\u013each.<\/div>\t\t\t\t<\/div>\n\t\t\t\t<\/div>\n\t\t\t\t<\/div>\n\t\t\t\t\t<\/div>\n\t\t\t\t<\/div>\n\t\t<div class=\"elementor-element elementor-element-77addf7 e-flex e-con-boxed e-con e-parent\" data-id=\"77addf7\" data-element_type=\"container\" data-e-type=\"container\" data-settings=\"{&quot;_ha_eqh_enable&quot;:false}\">\n\t\t\t\t\t<div class=\"e-con-inner\">\n\t\t\t\t<div class=\"elementor-element elementor-element-d52b797 elementor-widget elementor-widget-heading\" data-id=\"d52b797\" data-element_type=\"widget\" data-e-type=\"widget\" data-widget_type=\"heading.default\">\n\t\t\t\t<div class=\"elementor-widget-container\">\n\t\t\t\t\t<h2 class=\"elementor-heading-title elementor-size-default\">AKO POSTUPOVA\u0164?<\/h2>\t\t\t\t<\/div>\n\t\t\t\t<\/div>\n\t\t\t\t<div class=\"elementor-element elementor-element-4bc9c33 elementor-position-inline-start elementor-view-default elementor-mobile-position-block-start elementor-widget elementor-widget-icon-box\" data-id=\"4bc9c33\" data-element_type=\"widget\" data-e-type=\"widget\" data-widget_type=\"icon-box.default\">\n\t\t\t\t<div class=\"elementor-widget-container\">\n\t\t\t\t\t\t\t<div class=\"elementor-icon-box-wrapper\">\n\n\t\t\t\t\t\t<div class=\"elementor-icon-box-icon\">\n\t\t\t\t<span  class=\"elementor-icon\">\n\t\t\t\t<svg xmlns=\"http:\/\/www.w3.org\/2000\/svg\" xmlns:xlink=\"http:\/\/www.w3.org\/1999\/xlink\" id=\"Vrstva_1\" x=\"0px\" y=\"0px\" viewBox=\"0 0 600 600\" style=\"enable-background:new 0 0 600 600;\" xml:space=\"preserve\"><style type=\"text\/css\">\t.st0{fill-rule:evenodd;clip-rule:evenodd;}<\/style><path id=\"_x31__1_\" class=\"st0\" d=\"M331.2,95.2c0,0-12.5,12.9-14.5,14.9c-13.1,13.3-25.8,27-39.2,39.9c-20.5,19.8-42.9,37.8-67.9,52  c-4.9,2.8-9.8,3.2-14.8,0.1c-6.6-4.1-7.7-10-2.3-15.4c2.3-2.4,5.2-4.2,8-6c32.4-20.7,59.3-47.9,86.3-74.9  c19.3-19.3,37.9-39.1,55.2-60.4c3-3.7,6.3-7.4,10.3-9.9c5.8-3.7,10.8-4.4,17.7,1.3c18.1,14.8,25.7,23,39.6,43.5  c5.1,7.5,0.4,18.5-2.4,26.7c-42.1,128.4-80.3,257.3-116,387.6c-3.7,13.5-5.3,27.4-8.6,41c-1.2,5.1-2.3,10.4-4,15.3  c-3.5,9.9-9.8,15.3-20.9,16.4c-15.7,1.6-28.3-5.5-41.4-11.9c0,0,0,0-0.1,0c-46.3-23.1,89.3-382.2,103.9-428.7  C323.7,115.9,331.2,95.2,331.2,95.2z\"><\/path><\/svg>\t\t\t\t<\/span>\n\t\t\t<\/div>\n\t\t\t\n\t\t\t\t\t\t<div class=\"elementor-icon-box-content\">\n\n\t\t\t\t\n\t\t\t\t\t\t\t\t\t<p class=\"elementor-icon-box-description\">\n\t\t\t\t\t\tV pr\u00edpade, ak k \u00famrtiu bl\u00edzkeho d\u00f4jde <b>v nemocnici<\/b>, zdravotn\u00edcky person\u00e1l V\u00e1s o tejto n\u00e1le\u017eitosti bude informova\u0165.\nPri \u00famrti <b>doma<\/b>, kontaktujte pohotovostn\u00fa zdravotn\u00fa slu\u017ebu na t. \u010d. <b>112<\/b>, obhliadku zosnulej osoby vykon\u00e1 obhliadaj\u00faci lek\u00e1r, ktor\u00fd vyd\u00e1\n\u201eList o obhliadke m\u0155tveho a \u0161tatistick\u00e9 hl\u00e1senie o \u00famrt\u00ed\u201c.\t\t\t\t\t<\/p>\n\t\t\t\t\n\t\t\t<\/div>\n\t\t\t\n\t\t<\/div>\n\t\t\t\t\t\t<\/div>\n\t\t\t\t<\/div>\n\t\t\t\t<div class=\"elementor-element elementor-element-0953232 elementor-position-inline-start elementor-view-default elementor-mobile-position-block-start elementor-widget elementor-widget-icon-box\" data-id=\"0953232\" data-element_type=\"widget\" data-e-type=\"widget\" data-widget_type=\"icon-box.default\">\n\t\t\t\t<div class=\"elementor-widget-container\">\n\t\t\t\t\t\t\t<div class=\"elementor-icon-box-wrapper\">\n\n\t\t\t\t\t\t<div class=\"elementor-icon-box-icon\">\n\t\t\t\t<span  class=\"elementor-icon\">\n\t\t\t\t<svg xmlns=\"http:\/\/www.w3.org\/2000\/svg\" xmlns:xlink=\"http:\/\/www.w3.org\/1999\/xlink\" id=\"Vrstva_1\" x=\"0px\" y=\"0px\" viewBox=\"0 0 600 600\" style=\"enable-background:new 0 0 600 600;\" xml:space=\"preserve\"><style type=\"text\/css\">\t.st0{fill-rule:evenodd;clip-rule:evenodd;}<\/style><path id=\"_x32__1_\" class=\"st0\" d=\"M209.2,533.7c63.9-12.8,153.4-13.5,215.7,4.4c33,9.5,5,32.1-15.3,27.2  c-62.9-15-132.6-12.1-196-0.5c-7.1,1.3-83.6,8.1-90.5-7c-20.2-44,77.4-141.7,104.5-172.5c26.4-30,55.9-56.8,84.1-85  c24.3-24.2,49.8-47.4,70-75.6c12.4-17.4,26.4-33.9,35.5-53.4c13.9-29.7,17.9-80.6-10.6-102.9c-37.6-29.5-100.8,5.9-123.9,39.5  c-3.2,4.6-4.8,9.7-6.5,15c-3,9.4-9.3,10.9-17.2,5.2c-10-7.3-12.2-19.7-5-32.3c41.7-73.3,157.7-89,205.4-14.4  c43.6,68.3,14.1,151.6-29.4,210.2c-34.6,46.6-148.6,156.7-170.4,180.8C239.3,495,213.2,532.9,209.2,533.7z\"><\/path><\/svg>\t\t\t\t<\/span>\n\t\t\t<\/div>\n\t\t\t\n\t\t\t\t\t\t<div class=\"elementor-icon-box-content\">\n\n\t\t\t\t\n\t\t\t\t\t\t\t\t\t<p class=\"elementor-icon-box-description\">\n\t\t\t\t\t\tKontaktujte na\u0161u pohrebn\u00fa slu\u017ebu <b>PIETA<\/b> a to NONSTOP na t. \u010d.: <b>0944 722 111<\/b><br>\nZabezpe\u010d\u00edme odvoz zosnulej osoby a v\u0161etky n\u00e1le\u017eitosti.\t\t\t\t\t<\/p>\n\t\t\t\t\n\t\t\t<\/div>\n\t\t\t\n\t\t<\/div>\n\t\t\t\t\t\t<\/div>\n\t\t\t\t<\/div>\n\t\t\t\t<div class=\"elementor-element elementor-element-48885da elementor-position-inline-start elementor-view-default elementor-mobile-position-block-start elementor-widget elementor-widget-icon-box\" data-id=\"48885da\" data-element_type=\"widget\" data-e-type=\"widget\" data-widget_type=\"icon-box.default\">\n\t\t\t\t<div class=\"elementor-widget-container\">\n\t\t\t\t\t\t\t<div class=\"elementor-icon-box-wrapper\">\n\n\t\t\t\t\t\t<div class=\"elementor-icon-box-icon\">\n\t\t\t\t<span  class=\"elementor-icon\">\n\t\t\t\t<svg xmlns=\"http:\/\/www.w3.org\/2000\/svg\" xmlns:xlink=\"http:\/\/www.w3.org\/1999\/xlink\" id=\"Vrstva_1\" x=\"0px\" y=\"0px\" viewBox=\"0 0 600 600\" style=\"enable-background:new 0 0 600 600;\" xml:space=\"preserve\"><style type=\"text\/css\">\t.st0{fill-rule:evenodd;clip-rule:evenodd;}<\/style><path id=\"_x33__1_\" class=\"st0\" d=\"M357.7,64.8c-24.2-22.2-97.2,27.9-108.3,48.7c-2.3,4.2-4.9,10.4-12.2,6.4  c-33.6-18.5,99-123.4,160.7-72.8c55.4,45.4,1.4,114.2-28.7,154.8c-10.2,13.8-10.5,14.8,4.4,21.9c62.8,29.8,91.8,98.6,76.1,165.1  c-13.6,57.3-42.8,119.8-91.2,154.6c-55.2,39.6-141.5,30.9-185.8-19.1c-20.4-23-31.7-58-23.9-87.4c7.1-26.7,33.1-9.6,29.7,7.2  c-4.5,22.3,6.1,47.3,23,61.7c13.4,11.5,50.2,15.9,71.4,5.1c25-12.7,52.2-40.4,62.5-55.7c20.6-30.6,39.8-65.6,49.4-101.5  c9.1-33.6,14.2-91.6-24.1-109.6c-13-6.1-29.5-5.9-43.3-3.2c-10.8,2.1-25.8,13.2-36.1,5.7c-7.5-5.5-11-14-7.6-22.1  c3.5-8.3,31.4-37.7,37.5-45.9C327.2,157.3,383.5,88.6,357.7,64.8z\"><\/path><\/svg>\t\t\t\t<\/span>\n\t\t\t<\/div>\n\t\t\t\n\t\t\t\t\t\t<div class=\"elementor-icon-box-content\">\n\n\t\t\t\t\n\t\t\t\t\t\t\t\t\t<p class=\"elementor-icon-box-description\">\n\t\t\t\t\t\tS na\u0161\u00edm pracovn\u00edkom si dohodnete term\u00edn n\u00e1v\u0161tevy na\u0161ej pobo\u010dky, kde dolad\u00edme detaily, ako:<br>\n<b>term\u00edn, miesto a sp\u00f4sob poslednej rozl\u00fa\u010dky (tradi\u010dn\u00fd pohreb, alebo krem\u00e1cia),\nvybavenie \u00famrtn\u00e9ho listu na matrike, parte \u2013 \u00famrtn\u00e9 ozn\u00e1menie, kar\nv\u00fdber truhly, oble\u010denia a toalety zosnul\u00e9ho,\nzriadenie pohrebu na cintor\u00edne, zriadenie n\u00e1jomnej zmluvy na hrobov\u00e9 miesto, v\u00fdkop hrobu,\nzak\u00fapenie hrobky, urnov\u00e9ho hrobu, pren\u00e1jom okienka v kolumb\u00e1riu, otvorenie a zatvorenie hrobu, kamen\u00e1rske pr\u00e1ce,\nsm\u00fato\u010dn\u00e1 floristika, kvetinov\u00e1 v\u00fdzdoba, vence, kvety, kytice etc.<\/b>\t\t\t\t\t<\/p>\n\t\t\t\t\n\t\t\t<\/div>\n\t\t\t\n\t\t<\/div>\n\t\t\t\t\t\t<\/div>\n\t\t\t\t<\/div>\n\t\t\t\t\t<\/div>\n\t\t\t\t<\/div>\n\t\t<div class=\"elementor-element elementor-element-93596fe e-flex e-con-boxed e-con e-parent\" data-id=\"93596fe\" data-element_type=\"container\" data-e-type=\"container\" data-settings=\"{&quot;background_background&quot;:&quot;classic&quot;,&quot;_ha_eqh_enable&quot;:false}\">\n\t\t\t\t\t<div class=\"e-con-inner\">\n\t\t\t\t<div class=\"elementor-element elementor-element-00a77d1 elementor-widget elementor-widget-heading\" data-id=\"00a77d1\" data-element_type=\"widget\" data-e-type=\"widget\" data-widget_type=\"heading.default\">\n\t\t\t\t<div class=\"elementor-widget-container\">\n\t\t\t\t\t<h2 class=\"elementor-heading-title elementor-size-default\">VOLAJTE NONSTOP<\/h2>\t\t\t\t<\/div>\n\t\t\t\t<\/div>\n\t\t\t\t<div class=\"elementor-element elementor-element-b199a21 elementor-widget elementor-widget-heading\" data-id=\"b199a21\" data-element_type=\"widget\" data-e-type=\"widget\" data-widget_type=\"heading.default\">\n\t\t\t\t<div class=\"elementor-widget-container\">\n\t\t\t\t\t<h2 class=\"elementor-heading-title elementor-size-default\">0944 722 111<\/h2>\t\t\t\t<\/div>\n\t\t\t\t<\/div>\n\t\t\t\t\t<\/div>\n\t\t\t\t<\/div>\n\t\t\t\t<\/div>\n\t\t","protected":false},"excerpt":{"rendered":"<p>Z\u00e1ujem z\u00e1kazn\u00edkov o profesion\u00e1lnu komplexn\u00fa pohrebn\u00fa slu\u017ebu v na\u0161om meste n\u00e1s utvrdili v presved\u010den\u00ed vybudova\u0165 na\u0161u firmu, ktor\u00e1 zabezpe\u010duje najvy\u0161\u0161iu kvalitu cel\u00e9ho prierezu pon\u00fakan\u00fdch slu\u017eieb pohrebn\u00edctva, ne\u017e na ak\u00e9 sme v s\u00fa\u010dasnosti u n\u00e1s zvyknut\u00ed.V na\u0161ej prev\u00e1dzke na Gork\u00e9ho ulici v Trebi\u0161ove V\u00e1m pon\u00fakame slu\u017eby najvy\u0161\u0161ieho \u0161tandardu v oblasti pohrebn\u00fdch slu\u017eieb a kamen\u00e1rstva.\u00a0 Disponujeme kompletn\u00fdm [&hellip;]<\/p>\n","protected":false},"author":2,"featured_media":89,"parent":0,"menu_order":0,"comment_status":"closed","ping_status":"closed","template":"","meta":{"_seopress_robots_primary_cat":"","_seopress_titles_title":"","_seopress_titles_desc":"","_seopress_robots_index":"","footnotes":""},"class_list":["post-1323","page","type-page","status-publish","has-post-thumbnail","hentry"],"blocksy_meta":{"styles_descriptor":{"styles":{"desktop":"","tablet":"","mobile":""},"google_fonts":[],"version":6}},"_links":{"self":[{"href":"https:\/\/pohrebnictvopieta.sk\/webpage\/wp-json\/wp\/v2\/pages\/1323","targetHints":{"allow":["GET"]}}],"collection":[{"href":"https:\/\/pohrebnictvopieta.sk\/webpage\/wp-json\/wp\/v2\/pages"}],"about":[{"href":"https:\/\/pohrebnictvopieta.sk\/webpage\/wp-json\/wp\/v2\/types\/page"}],"author":[{"embeddable":true,"href":"https:\/\/pohrebnictvopieta.sk\/webpage\/wp-json\/wp\/v2\/users\/2"}],"replies":[{"embeddable":true,"href":"https:\/\/pohrebnictvopieta.sk\/webpage\/wp-json\/wp\/v2\/comments?post=1323"}],"version-history":[{"count":28,"href":"https:\/\/pohrebnictvopieta.sk\/webpage\/wp-json\/wp\/v2\/pages\/1323\/revisions"}],"predecessor-version":[{"id":1418,"href":"https:\/\/pohrebnictvopieta.sk\/webpage\/wp-json\/wp\/v2\/pages\/1323\/revisions\/1418"}],"wp:featuredmedia":[{"embeddable":true,"href":"https:\/\/pohrebnictvopieta.sk\/webpage\/wp-json\/wp\/v2\/media\/89"}],"wp:attachment":[{"href":"https:\/\/pohrebnictvopieta.sk\/webpage\/wp-json\/wp\/v2\/media?parent=1323"}],"curies":[{"name":"wp","href":"https:\/\/api.w.org\/{rel}","templated":true}]}}